{"id":5351,"date":"2024-06-01T18:03:23","date_gmt":"2024-06-01T15:03:23","guid":{"rendered":"https:\/\/seymenmakina.com\/?page_id=5351"},"modified":"2024-08-18T20:45:08","modified_gmt":"2024-08-18T17:45:08","slug":"firin","status":"publish","type":"page","link":"https:\/\/seymenmakina.com\/index.php\/firin\/","title":{"rendered":"F\u0131r\u0131n"},"content":{"rendered":"\t\t<div data-elementor-type=\"wp-page\" data-elementor-id=\"5351\" class=\"elementor elementor-5351\">\n\t\t\t\t\t\t<section class=\"elementor-section elementor-top-section elementor-element elementor-element-18e26d89 elementor-section-boxed elementor-section-height-default elementor-section-height-default\" data-id=\"18e26d89\" data-element_type=\"section\">\n\t\t\t\t\t\t<div class=\"elementor-container elementor-column-gap-default\">\n\t\t\t\t\t<div class=\"elementor-column elementor-col-66 elementor-top-column elementor-element elementor-element-27760a73\" data-id=\"27760a73\" data-element_type=\"column\">\n\t\t\t<div class=\"elementor-widget-wrap elementor-element-populated\">\n\t\t\t\t\t\t<div class=\"elementor-element elementor-element-3296791b elementor-widget elementor-widget-image\" data-id=\"3296791b\" data-element_type=\"widget\" data-widget_type=\"image.default\">\n\t\t\t\t<div class=\"elementor-widget-container\">\n\t\t\t<style>\/*! elementor - v3.21.0 - 26-05-2024 *\/\n.elementor-widget-image{text-align:center}.elementor-widget-image a{display:inline-block}.elementor-widget-image a img[src$=\".svg\"]{width:48px}.elementor-widget-image img{vertical-align:middle;display:inline-block}<\/style>\t\t\t\t\t\t\t\t\t\t<img fetchpriority=\"high\" decoding=\"async\" width=\"1118\" height=\"1536\" src=\"https:\/\/seymenmakina.com\/wp-content\/uploads\/2024\/08\/Adsiz-tasarim-1-1-1118x1536.png\" class=\"attachment-1536x1536 size-1536x1536 wp-image-5450\" alt=\"\" srcset=\"https:\/\/seymenmakina.com\/wp-content\/uploads\/2024\/08\/Adsiz-tasarim-1-1-1118x1536.png 1118w, https:\/\/seymenmakina.com\/wp-content\/uploads\/2024\/08\/Adsiz-tasarim-1-1-218x300.png 218w, https:\/\/seymenmakina.com\/wp-content\/uploads\/2024\/08\/Adsiz-tasarim-1-1-745x1024.png 745w, https:\/\/seymenmakina.com\/wp-content\/uploads\/2024\/08\/Adsiz-tasarim-1-1-768x1055.png 768w, https:\/\/seymenmakina.com\/wp-content\/uploads\/2024\/08\/Adsiz-tasarim-1-1-1490x2048.png 1490w\" sizes=\"(max-width: 1118px) 100vw, 1118px\" \/>\t\t\t\t\t\t\t\t\t\t\t\t\t<\/div>\n\t\t\t\t<\/div>\n\t\t\t\t<div class=\"elementor-element elementor-element-bab6c02 elementor-widget elementor-widget-react-heading\" data-id=\"bab6c02\" data-element_type=\"widget\" data-widget_type=\"react-heading.default\">\n\t\t\t\t<div class=\"elementor-widget-container\">\n\t\t\t        <div class=\"react-heading default \">\r\n        \t<div class=\"title-inner\">        \t\t      \t\t\r\n\t            \t        <\/div>\r\n\t                    \t<div class=\"description\">\r\n            \t\t<h3>Seymen Kuyumcu Makina Sanayi - F\u0131r\u0131n Makineleri<\/h3><p>Seymen Kuyumcu Makina Sanayi olarak, kuyumculuk sekt\u00f6r\u00fcne \u00f6zel f\u0131r\u0131n makineleri \u00fcretiminde \u00f6nc\u00fc bir konumday\u0131z. Y\u00fcksek kaliteli, g\u00fcvenilir ve yenilik\u00e7i \u00e7\u00f6z\u00fcmlerimizle, kuyumculuk sekt\u00f6r\u00fcndeki m\u00fc\u015fterilerimizin f\u0131r\u0131n ihtiya\u00e7lar\u0131na en uygun \u00e7\u00f6z\u00fcmleri sunuyoruz.<\/p><h4>\u00dcr\u00fcn Tan\u0131m\u0131<\/h4><p>Kuyumculuk sekt\u00f6r\u00fc i\u00e7in \u00fcretti\u011fimiz f\u0131r\u0131n makineleri, sekt\u00f6r\u00fcn gereksinimlerini kar\u015f\u0131layacak \u015fekilde tasarlanm\u0131\u015f ve \u00fcretilmi\u015ftir. \u00dcr\u00fcnlerimiz, y\u00fcksek performans, dayan\u0131kl\u0131l\u0131k ve verimlilik odakl\u0131d\u0131r.<\/p><h4>Teknik \u00d6zellikler<\/h4><ul><li><strong>Y\u00fcksek S\u0131cakl\u0131k Kapasitesi:<\/strong> F\u0131r\u0131n makinelerimiz, kuyumculuk sekt\u00f6r\u00fcn\u00fcn gerektirdi\u011fi y\u00fcksek s\u0131cakl\u0131k kapasitesine sahiptir ve en hassas i\u015flemleri bile ba\u015far\u0131yla ger\u00e7ekle\u015ftirir.<\/li><li><strong>Is\u0131 Da\u011f\u0131l\u0131m\u0131:<\/strong> E\u015fit ve homojen \u0131s\u0131 da\u011f\u0131l\u0131m\u0131 sa\u011flayan ileri teknoloji ile donat\u0131lm\u0131\u015ft\u0131r, b\u00f6ylece her seferinde tutarl\u0131 sonu\u00e7lar elde edilir.<\/li><li><strong>Dayan\u0131kl\u0131l\u0131k:<\/strong> Y\u00fcksek kaliteli ve dayan\u0131kl\u0131 malzemeler kullan\u0131larak \u00fcretilen f\u0131r\u0131nlar\u0131m\u0131z, uzun \u00f6m\u00fcrl\u00fc kullan\u0131m ve zorlu \u00e7al\u0131\u015fma ko\u015fullar\u0131nda \u00fcst\u00fcn performans sa\u011flar.<\/li><li><strong>Enerji Verimlili\u011fi:<\/strong> Enerji tasarrufu sa\u011flayan yenilik\u00e7i teknolojiler ile donat\u0131lm\u0131\u015f f\u0131r\u0131nlar\u0131m\u0131z, i\u015fletme maliyetlerinizi d\u00fc\u015f\u00fcr\u00fcrken \u00e7evre dostu \u00e7\u00f6z\u00fcmler sunar.<\/li><li><strong>Kullan\u0131c\u0131 Dostu Aray\u00fcz:<\/strong> Kolay kullan\u0131m sa\u011flayan kullan\u0131c\u0131 dostu aray\u00fczler ve otomasyon se\u00e7enekleri sunar, b\u00f6ylece operat\u00f6rler i\u015flerini daha verimli ve g\u00fcvenli bir \u015fekilde ger\u00e7ekle\u015ftirebilirler.<\/li><\/ul><h4>Avantajlar<\/h4><ul><li><strong>Y\u00fcksek Kalite:<\/strong> En y\u00fcksek kalite standartlar\u0131na uygun olarak \u00fcretilen f\u0131r\u0131n makinelerimiz, g\u00fcvenilir ve tutarl\u0131 performans sa\u011flar.<\/li><li><strong>M\u00fc\u015fteri Deste\u011fi:<\/strong> Sat\u0131\u015f sonras\u0131 destek ve bak\u0131m hizmetlerimiz ile m\u00fc\u015fterilerimizin her zaman yan\u0131nday\u0131z.<\/li><li><strong>\u00d6zelle\u015ftirilebilir \u00c7\u00f6z\u00fcmler:<\/strong> Kuyumculuk sekt\u00f6r\u00fcndeki spesifik ihtiya\u00e7lara uygun \u00f6zelle\u015ftirilmi\u015f \u00e7\u00f6z\u00fcmler sunuyoruz.<\/li><\/ul><h4>Uygulama Alanlar\u0131<\/h4><p>F\u0131r\u0131n makinelerimiz, kuyumculuk sekt\u00f6r\u00fcnde geni\u015f bir uygulama yelpazesine sahiptir:<\/p><ul><li>Alt\u0131n ve g\u00fcm\u00fc\u015f tak\u0131 \u00fcretimi<\/li><li>Homojen bir \u015fekilde al\u00e7\u0131 pi\u015firme<\/li><\/ul><h4>Sonu\u00e7<\/h4><p>Seymen Kuyumcu Makina Sanayi olarak, kuyumculuk sekt\u00f6r\u00fcne en ileri teknolojiyi ve en y\u00fcksek kaliteyi sunma taahh\u00fcd\u00fcm\u00fczle sekt\u00f6rde fark yarat\u0131yoruz. F\u0131r\u0131n makinelerimiz hakk\u0131nda daha fazla bilgi almak ve ihtiya\u00e7lar\u0131n\u0131za en uygun \u00e7\u00f6z\u00fcmleri bulmak i\u00e7in bizimle ileti\u015fime ge\u00e7in.<\/p>            \t\t\r\n            \t<\/div>\r\n        \t        <\/div>\r\n        \t\t<\/div>\n\t\t\t\t<\/div>\n\t\t\t\t\t<\/div>\n\t\t<\/div>\n\t\t\t\t<div class=\"elementor-column elementor-col-33 elementor-top-column elementor-element elementor-element-1a5d52a0\" data-id=\"1a5d52a0\" data-element_type=\"column\">\n\t\t\t<div class=\"elementor-widget-wrap elementor-element-populated\">\n\t\t\t\t\t\t<section class=\"elementor-section elementor-inner-section elementor-element elementor-element-2ba06703 elementor-section-boxed elementor-section-height-default elementor-section-height-default\" data-id=\"2ba06703\" data-element_type=\"section\">\n\t\t\t\t\t\t<div class=\"elementor-container elementor-column-gap-default\">\n\t\t\t\t\t<div class=\"elementor-column elementor-col-100 elementor-inner-column elementor-element elementor-element-2ff741e8\" data-id=\"2ff741e8\" data-element_type=\"column\">\n\t\t\t<div class=\"elementor-widget-wrap elementor-element-populated\">\n\t\t\t\t\t\t<div class=\"elementor-element elementor-element-28ea1909 elementor-widget elementor-widget-react-heading\" data-id=\"28ea1909\" data-element_type=\"widget\" data-widget_type=\"react-heading.default\">\n\t\t\t\t<div class=\"elementor-widget-container\">\n\t\t\t        <div class=\"react-heading style2 \">\r\n        \t<div class=\"title-inner\">        \t\t      \t\t\r\n\t            <span class=\"sub-text \">Kategori<\/span><h4 class=\"title\"><span class=\"watermark\"><\/span>Kuyumcu Makineleri<\/h4>\t        <\/div>\r\n\t                <\/div>\r\n        \t\t<\/div>\n\t\t\t\t<\/div>\n\t\t\t\t\t<\/div>\n\t\t<\/div>\n\t\t\t\t\t<\/div>\n\t\t<\/section>\n\t\t\t\t<section class=\"elementor-section elementor-inner-section elementor-element elementor-element-5dc6997 elementor-section-boxed elementor-section-height-default elementor-section-height-default\" data-id=\"5dc6997\" data-element_type=\"section\">\n\t\t\t\t\t\t<div class=\"elementor-container elementor-column-gap-default\">\n\t\t\t\t\t<div class=\"elementor-column elementor-col-100 elementor-inner-column elementor-element elementor-element-7b5a63e7\" data-id=\"7b5a63e7\" data-element_type=\"column\">\n\t\t\t<div class=\"elementor-widget-wrap elementor-element-populated\">\n\t\t\t\t\t\t<div class=\"elementor-element elementor-element-31fc7c9c elementor-widget elementor-widget-react-heading\" data-id=\"31fc7c9c\" data-element_type=\"widget\" data-widget_type=\"react-heading.default\">\n\t\t\t\t<div class=\"elementor-widget-container\">\n\t\t\t        <div class=\"react-heading style2 \">\r\n        \t<div class=\"title-inner\">        \t\t      \t\t\r\n\t            <span class=\"sub-text \">\u0130leti\u015fim<\/span><h4 class=\"title\"><span class=\"watermark\"><\/span>Bize Yaz\u0131n<\/h4>\t        <\/div>\r\n\t                <\/div>\r\n        \t\t<\/div>\n\t\t\t\t<\/div>\n\t\t\t\t<div class=\"elementor-element elementor-element-6e81ecd8 elementor-widget elementor-widget-rt-cf7\" data-id=\"6e81ecd8\" data-element_type=\"widget\" data-widget_type=\"rt-cf7.default\">\n\t\t\t\t<div class=\"elementor-widget-container\">\n\t\t\t<div class=\"form_btn_\">\n<div class=\"wpcf7 no-js\" id=\"wpcf7-f3092-o1\" lang=\"en-US\" dir=\"ltr\">\n<div class=\"screen-reader-response\"><p role=\"status\" aria-live=\"polite\" aria-atomic=\"true\"><\/p> <ul><\/ul><\/div>\n<form action=\"\/index.php\/wp-json\/wp\/v2\/pages\/5351#wpcf7-f3092-o1\" method=\"post\" class=\"wpcf7-form init\" aria-label=\"Contact form\" novalidate=\"novalidate\" data-status=\"init\">\n<div style=\"display: none;\">\n<input type=\"hidden\" name=\"_wpcf7\" value=\"3092\" \/>\n<input type=\"hidden\" name=\"_wpcf7_version\" value=\"5.9.5\" \/>\n<input type=\"hidden\" name=\"_wpcf7_locale\" value=\"en_US\" \/>\n<input type=\"hidden\" name=\"_wpcf7_unit_tag\" value=\"wpcf7-f3092-o1\" \/>\n<input type=\"hidden\" name=\"_wpcf7_container_post\" value=\"0\" \/>\n<input type=\"hidden\" name=\"_wpcf7_posted_data_hash\" value=\"\" \/>\n<\/div>\n<div class=\"row contact-form\">\n\t<div class=\"col-lg-12 col-md-12\">\n\t\t<div class=\"input-box\">\n\t\t\t<p><span class=\"wpcf7-form-control-wrap\" data-name=\"your-name\"><input size=\"40\" class=\"wpcf7-form-control wpcf7-text wpcf7-validates-as-required\" aria-required=\"true\" aria-invalid=\"false\" placeholder=\"Ad\u0131n\u0131z Soyad\u0131n\u0131z\" value=\"\" type=\"text\" name=\"your-name\" \/><\/span>\n\t\t\t<\/p>\n\t\t<\/div>\n\t<\/div>\n\t<div class=\"col-lg-12 col-md-12\">\n\t\t<div class=\"input-box mail\">\n\t\t\t<p><span class=\"wpcf7-form-control-wrap\" data-name=\"your-email\"><input size=\"40\" class=\"wpcf7-form-control wpcf7-email wpcf7-validates-as-required wpcf7-text wpcf7-validates-as-email\" aria-required=\"true\" aria-invalid=\"false\" placeholder=\"Email Adresiniz\" value=\"\" type=\"email\" name=\"your-email\" \/><\/span>\n\t\t\t<\/p>\n\t\t<\/div>\n\t<\/div>\n\t<div class=\"col-lg-12 col-md-12\">\n\t\t<div class=\"input-box subject\">\n\t\t\t<p><span class=\"wpcf7-form-control-wrap\" data-name=\"your-subject\"><input size=\"40\" class=\"wpcf7-form-control wpcf7-text wpcf7-validates-as-required\" aria-required=\"true\" aria-invalid=\"false\" placeholder=\"Konu\" value=\"\" type=\"text\" name=\"your-subject\" \/><\/span>\n\t\t\t<\/p>\n\t\t<\/div>\n\t<\/div>\n\t<div class=\"col-12\">\n\t\t<div class=\"input-box text-area\">\n\t\t\t<p><span class=\"wpcf7-form-control-wrap\" data-name=\"your-message\"><textarea cols=\"40\" rows=\"10\" class=\"wpcf7-form-control wpcf7-textarea\" aria-invalid=\"false\" placeholder=\"Mesaj\u0131n\u0131z\" name=\"your-message\"><\/textarea><\/span>\n\t\t\t<\/p>\n\t\t<\/div>\n\t<\/div>\n\t<div class=\"col-12\">\n\t\t<p><input class=\"wpcf7-form-control wpcf7-submit has-spinner\" type=\"submit\" value=\"G\u00f6nder\" \/>\n\t\t<\/p>\n\t<\/div>\n<\/div><div class=\"wpcf7-response-output\" aria-hidden=\"true\"><\/div>\n<\/form>\n<\/div>\n<\/div>\t\t<\/div>\n\t\t\t\t<\/div>\n\t\t\t\t\t<\/div>\n\t\t<\/div>\n\t\t\t\t\t<\/div>\n\t\t<\/section>\n\t\t\t\t\t<\/div>\n\t\t<\/div>\n\t\t\t\t\t<\/div>\n\t\t<\/section>\n\t\t\t\t<\/div>\n\t\t","protected":false},"excerpt":{"rendered":"<p>Seymen Kuyumcu Makina Sanayi &#8211; F\u0131r\u0131n Makineleri Seymen Kuyumcu Makina Sanayi olarak, kuyumculuk sekt\u00f6r\u00fcne \u00f6zel f\u0131r\u0131n makineleri \u00fcretiminde \u00f6nc\u00fc bir konumday\u0131z. Y\u00fcksek kaliteli, g\u00fcvenilir ve yenilik\u00e7i \u00e7\u00f6z\u00fcmlerimizle, kuyumculuk sekt\u00f6r\u00fcndeki m\u00fc\u015fterilerimizin f\u0131r\u0131n ihtiya\u00e7lar\u0131na en uygun \u00e7\u00f6z\u00fcmleri sunuyoruz. \u00dcr\u00fcn Tan\u0131m\u0131 Kuyumculuk sekt\u00f6r\u00fc i\u00e7in \u00fcretti\u011fimiz f\u0131r\u0131n makineleri, sekt\u00f6r\u00fcn gereksinimlerini kar\u015f\u0131layacak \u015fekilde tasarlanm\u0131\u015f ve \u00fcretilmi\u015ftir. \u00dcr\u00fcnlerimiz, y\u00fcksek performans, dayan\u0131kl\u0131l\u0131k&#8230;<\/p>\n","protected":false},"author":1,"featured_media":0,"parent":0,"menu_order":0,"comment_status":"closed","ping_status":"closed","template":"","meta":{"footnotes":""},"class_list":["post-5351","page","type-page","status-publish","hentry"],"_links":{"self":[{"href":"https:\/\/seymenmakina.com\/index.php\/wp-json\/wp\/v2\/pages\/5351","targetHints":{"allow":["GET"]}}],"collection":[{"href":"https:\/\/seymenmakina.com\/index.php\/wp-json\/wp\/v2\/pages"}],"about":[{"href":"https:\/\/seymenmakina.com\/index.php\/wp-json\/wp\/v2\/types\/page"}],"author":[{"embeddable":true,"href":"https:\/\/seymenmakina.com\/index.php\/wp-json\/wp\/v2\/users\/1"}],"replies":[{"embeddable":true,"href":"https:\/\/seymenmakina.com\/index.php\/wp-json\/wp\/v2\/comments?post=5351"}],"version-history":[{"count":7,"href":"https:\/\/seymenmakina.com\/index.php\/wp-json\/wp\/v2\/pages\/5351\/revisions"}],"predecessor-version":[{"id":5454,"href":"https:\/\/seymenmakina.com\/index.php\/wp-json\/wp\/v2\/pages\/5351\/revisions\/5454"}],"wp:attachment":[{"href":"https:\/\/seymenmakina.com\/index.php\/wp-json\/wp\/v2\/media?parent=5351"}],"curies":[{"name":"wp","href":"https:\/\/api.w.org\/{rel}","templated":true}]}}