{"id":13,"date":"2022-02-07T11:14:11","date_gmt":"2022-02-07T11:14:11","guid":{"rendered":"http:\/\/localhost\/finanix\/?page_id=13"},"modified":"2024-06-01T18:21:24","modified_gmt":"2024-06-01T15:21:24","slug":"hakkimizda","status":"publish","type":"page","link":"https:\/\/seymenmakina.com\/index.php\/hakkimizda\/","title":{"rendered":"Hakk\u0131m\u0131zda"},"content":{"rendered":"\t\t<div data-elementor-type=\"wp-page\" data-elementor-id=\"13\" class=\"elementor elementor-13\">\n\t\t\t\t\t\t<section class=\"elementor-section elementor-top-section elementor-element elementor-element-851f9ad elementor-section-content-middle elementor-section-boxed elementor-section-height-default elementor-section-height-default\" data-id=\"851f9ad\" data-element_type=\"section\">\n\t\t\t\t\t\t<div class=\"elementor-container elementor-column-gap-default\">\n\t\t\t\t\t<div class=\"elementor-column elementor-col-50 elementor-top-column elementor-element elementor-element-24b8df0\" data-id=\"24b8df0\" data-element_type=\"column\">\n\t\t\t<div class=\"elementor-widget-wrap elementor-element-populated\">\n\t\t\t\t\t\t<div class=\"elementor-element elementor-element-a9d8d61 elementor-widget__width-auto elementor-absolute elementor-widget elementor-widget-react-image\" data-id=\"a9d8d61\" data-element_type=\"widget\" data-settings=\"{&quot;_position&quot;:&quot;absolute&quot;}\" data-widget_type=\"react-image.default\">\n\t\t\t\t<div class=\"elementor-widget-container\">\n\t\t\t        <div class=\"react-image no\">\n                            <img decoding=\"async\" class=\"react-multi-image  image-rotate image-scale\" src=\"https:\/\/reactheme.com\/products\/wordpress\/finanix\/wp-content\/uploads\/2022\/02\/square-1.png\" alt=\"image\"\/>\n                    <\/div>\n          \n    \t\t<\/div>\n\t\t\t\t<\/div>\n\t\t\t\t<div class=\"elementor-element elementor-element-bef76c6 elementor-widget elementor-widget-image\" data-id=\"bef76c6\" data-element_type=\"widget\" data-widget_type=\"image.default\">\n\t\t\t\t<div class=\"elementor-widget-container\">\n\t\t\t<style>\/*! elementor - v3.21.0 - 26-05-2024 *\/\n.elementor-widget-image{text-align:center}.elementor-widget-image a{display:inline-block}.elementor-widget-image a img[src$=\".svg\"]{width:48px}.elementor-widget-image img{vertical-align:middle;display:inline-block}<\/style>\t\t\t\t\t\t\t\t\t\t<img fetchpriority=\"high\" decoding=\"async\" width=\"623\" height=\"563\" src=\"https:\/\/seymenmakina.com\/wp-content\/uploads\/2022\/02\/about-1.png\" class=\"attachment-large size-large wp-image-162\" alt=\"\" srcset=\"https:\/\/seymenmakina.com\/wp-content\/uploads\/2022\/02\/about-1.png 623w, https:\/\/seymenmakina.com\/wp-content\/uploads\/2022\/02\/about-1-300x271.png 300w\" sizes=\"(max-width: 623px) 100vw, 623px\" \/>\t\t\t\t\t\t\t\t\t\t\t\t\t<\/div>\n\t\t\t\t<\/div>\n\t\t\t\t\t<\/div>\n\t\t<\/div>\n\t\t\t\t<div class=\"elementor-column elementor-col-50 elementor-top-column elementor-element elementor-element-bac64f5\" data-id=\"bac64f5\" data-element_type=\"column\">\n\t\t\t<div class=\"elementor-widget-wrap elementor-element-populated\">\n\t\t\t\t\t\t<div class=\"elementor-element elementor-element-9407b72 elementor-widget elementor-widget-react-heading\" data-id=\"9407b72\" data-element_type=\"widget\" data-widget_type=\"react-heading.default\">\n\t\t\t\t<div class=\"elementor-widget-container\">\n\t\t\t        <div class=\"react-heading style9 \">\r\n        \t<div class=\"title-inner\">        \t\t      \t\t\r\n\t            <span class=\"sub-text \">Hakk\u0131m\u0131zda<\/span><h2 class=\"title\"><span class=\"watermark\"><\/span>Biz Kimiz?<br \/> <span><\/span> Kurulu\u015f <\/h2><div class=\"title-img bottom-img\"><img decoding=\"async\" src=\"https:\/\/reactheme.com\/products\/wordpress\/finanix\/wp-content\/uploads\/2022\/02\/line-1.svg\" alt=\"title-image\" \/><\/div>\t        <\/div>\r\n\t                    \t<div class=\"description\">\r\n            \t\t<p><strong>SEYMEN KUYUMCU MAK\u0130NA SANAY\u0130,<\/strong>\u00a02002 y\u0131l\u0131nda Deniz\u00a0<strong>SEYMEN<\/strong>\u00a0taraf\u0131ndan Kuyumcu sanayinde kullan\u0131lan makineleri imal etmek \u00fczere Topkap\u0131 \/ \u0130stanbul\u2019da kurulmu\u015ftur.<\/p><p>Ba\u015flang\u0131\u00e7taki \u00fcretim kapasitesini 3 kat artt\u0131rm\u0131\u015f olup, faaliyetlerine \u0130stanbul\u2019da\u00a0 devam etmektedir.<\/p><p>Firman\u0131n Bundan sonraki en \u00f6nemli amac\u0131 kuyumcu makina yap\u0131s\u0131n\u0131 ve kapasitesini artt\u0131rmakt\u0131r.<\/p>            \t\t\r\n            \t<\/div>\r\n        \t        <\/div>\r\n        \t\t<\/div>\n\t\t\t\t<\/div>\n\t\t\t\t<section class=\"elementor-section elementor-inner-section elementor-element elementor-element-e644d5f elementor-section-boxed elementor-section-height-default elementor-section-height-default\" data-id=\"e644d5f\" data-element_type=\"section\">\n\t\t\t\t\t\t<div class=\"elementor-container elementor-column-gap-default\">\n\t\t\t\t\t<div class=\"elementor-column elementor-col-100 elementor-inner-column elementor-element elementor-element-4aa86d6\" data-id=\"4aa86d6\" data-element_type=\"column\">\n\t\t\t<div class=\"elementor-widget-wrap elementor-element-populated\">\n\t\t\t\t\t\t<div class=\"elementor-element elementor-element-d3a3c86 elementor-widget elementor-widget-button\" data-id=\"d3a3c86\" data-element_type=\"widget\" data-widget_type=\"button.default\">\n\t\t\t\t<div class=\"elementor-widget-container\">\n\t\t\t\t\t<div class=\"elementor-button-wrapper\">\n\t\t\t<a class=\"elementor-button elementor-button-link elementor-size-sm\" href=\"https:\/\/seymenmakina.com\/index.php\/iletisim\/\">\n\t\t\t\t\t\t<span class=\"elementor-button-content-wrapper\">\n\t\t\t\t\t\t\t\t\t<span class=\"elementor-button-text\">\u0130leti\u015fime Ge\u00e7<\/span>\n\t\t\t\t\t<\/span>\n\t\t\t\t\t<\/a>\n\t\t<\/div>\n\t\t\t\t<\/div>\n\t\t\t\t<\/div>\n\t\t\t\t\t<\/div>\n\t\t<\/div>\n\t\t\t\t\t<\/div>\n\t\t<\/section>\n\t\t\t\t\t<\/div>\n\t\t<\/div>\n\t\t\t\t\t<\/div>\n\t\t<\/section>\n\t\t\t\t<section class=\"elementor-section elementor-top-section elementor-element elementor-element-d972f58 elementor-section-stretched elementor-section-boxed elementor-section-height-default elementor-section-height-default\" data-id=\"d972f58\" data-element_type=\"section\" data-settings=\"{&quot;stretch_section&quot;:&quot;section-stretched&quot;,&quot;background_background&quot;:&quot;gradient&quot;}\">\n\t\t\t\t\t\t<div class=\"elementor-container elementor-column-gap-default\">\n\t\t\t\t\t<div class=\"elementor-column elementor-col-100 elementor-top-column elementor-element elementor-element-3ee4f18\" data-id=\"3ee4f18\" data-element_type=\"column\">\n\t\t\t<div class=\"elementor-widget-wrap elementor-element-populated\">\n\t\t\t\t\t\t<section class=\"elementor-section elementor-inner-section elementor-element elementor-element-8325781 elementor-section-boxed elementor-section-height-default elementor-section-height-default\" data-id=\"8325781\" data-element_type=\"section\">\n\t\t\t\t\t\t<div class=\"elementor-container elementor-column-gap-default\">\n\t\t\t\t\t<div class=\"elementor-column elementor-col-100 elementor-inner-column elementor-element elementor-element-cf33c58\" data-id=\"cf33c58\" data-element_type=\"column\">\n\t\t\t<div class=\"elementor-widget-wrap elementor-element-populated\">\n\t\t\t\t\t\t<div class=\"elementor-element elementor-element-be2bb20 elementor-widget elementor-widget-react-heading\" data-id=\"be2bb20\" data-element_type=\"widget\" data-widget_type=\"react-heading.default\">\n\t\t\t\t<div class=\"elementor-widget-container\">\n\t\t\t        <div class=\"react-heading default center\">\r\n        \t<div class=\"title-inner\">        \t\t      \t\t\r\n\t            <span class=\"sub-text \">Daha Fazla Bilgi<\/span><h2 class=\"title\"><span class=\"watermark\"><\/span>Neler Yap\u0131yoruz<\/h2>\t        <\/div>\r\n\t                <\/div>\r\n        \t\t<\/div>\n\t\t\t\t<\/div>\n\t\t\t\t\t<\/div>\n\t\t<\/div>\n\t\t\t\t\t<\/div>\n\t\t<\/section>\n\t\t\t\t<section class=\"elementor-section elementor-inner-section elementor-element elementor-element-bc30e67 elementor-section-boxed elementor-section-height-default elementor-section-height-default\" data-id=\"bc30e67\" data-element_type=\"section\">\n\t\t\t\t\t\t<div class=\"elementor-container elementor-column-gap-default\">\n\t\t\t\t\t<div class=\"elementor-column elementor-col-100 elementor-inner-column elementor-element elementor-element-43f90b4\" data-id=\"43f90b4\" data-element_type=\"column\">\n\t\t\t<div class=\"elementor-widget-wrap elementor-element-populated\">\n\t\t\t\t\t\t<div class=\"elementor-element elementor-element-dcaadb4 elementor-widget elementor-widget-back-timeline\" data-id=\"dcaadb4\" data-element_type=\"widget\" data-widget_type=\"back-timeline.default\">\n\t\t\t\t<div class=\"elementor-widget-container\">\n\t\t\t\n            <div class=\"back-timeline our-journey-area\"> \n            <div class=\"reacttimeline\">\n                <ul>\n                    <li class=\"default-line\"><\/li>\n                    <li class=\"draw-line\"><\/li>                                                                             \n                <\/ul>\n            <\/div>   \n            <ul class=\"journey-list\">                                    \n                                    <li class=\"items\">\n                        <div class=\"row timeline-box mb-10\">\n                            <div class=\"col-lg-6\">\n                                <div class=\"left-content mb-30\">\n                                    <h2><\/h2>\n                                    <h4>\u00dcretim Teknolojisi:<\/h4>\n                                    <p>Muhtelif ebatlarda hidrolik pres, makas,  vb yard\u0131mc\u0131 ekipmanlar mevcuttur.<\/p>\n                                <\/div>\n                            <\/div>\n                            <div class=\"col-lg-6\">\n                                <div class=\"right-content mb-30\">\n                                    <img decoding=\"async\" src=\"https:\/\/seymenmakina.com\/wp-content\/uploads\/2022\/03\/j-1.jpg\" alt=\"image\">\n                                <\/div>\n                            <\/div>\n                        <\/div>\n                    <\/li>           \n                                    <li class=\"items\">\n                        <div class=\"row timeline-box mb-10\">\n                            <div class=\"col-lg-6\">\n                                <div class=\"left-content mb-30\">\n                                    <h2><\/h2>\n                                    <h4>\u00dcr\u00fcn A\u015famalar\u0131, Tipolojisi ve Kullan\u0131m Alanlar\u0131:<\/h4>\n                                    <p>\u00dcretim, Ambalajlama, Depolama ve Sevkiyat tan ibarettir.\n\u00dcr\u00fcnler, kuyumcular\u0131n imalat a\u015famas\u0131nda kulland\u0131klar\u0131  makineler dir.\ngned<\/p>\n                                <\/div>\n                            <\/div>\n                            <div class=\"col-lg-6\">\n                                <div class=\"right-content mb-30\">\n                                    <img decoding=\"async\" src=\"https:\/\/seymenmakina.com\/wp-content\/uploads\/2022\/03\/j-2.jpg\" alt=\"image\">\n                                <\/div>\n                            <\/div>\n                        <\/div>\n                    <\/li>           \n                                    <li class=\"items\">\n                        <div class=\"row timeline-box mb-10\">\n                            <div class=\"col-lg-6\">\n                                <div class=\"left-content mb-30\">\n                                    <h2><\/h2>\n                                    <h4>Kalite:<\/h4>\n                                    <p>\u00dcretimin her a\u015famas\u0131nda g\u00fc\u00e7l\u00fc bir kalite kontrol sistemi uygulanmaktad\u0131r. Yetenek d\u0131\u015f\u0131ndaki kriterlerin \u00f6l\u00e7\u00fcmleri m\u00fc\u015fteri onayl\u0131 veya akredite d\u0131\u015f kurulu\u015flara yapt\u0131r\u0131lmaktad\u0131r.\nM\u00fc\u015fteri memnuniyetini maksimize edecek kontrol metodlar\u0131n dan taviz verilmemektedir.\nKurulu kalite y\u00f6netim sistemini belgelendirmeye y\u00f6nelik faaliyetlere en k\u0131sa zamanda ba\u015flanacakt\u0131r.\n<\/p>\n                                <\/div>\n                            <\/div>\n                            <div class=\"col-lg-6\">\n                                <div class=\"right-content mb-30\">\n                                    <img decoding=\"async\" src=\"https:\/\/seymenmakina.com\/wp-content\/uploads\/2022\/03\/j-3.jpg\" alt=\"image\">\n                                <\/div>\n                            <\/div>\n                        <\/div>\n                    <\/li>           \n                                    <li class=\"items\">\n                        <div class=\"row timeline-box mb-10\">\n                            <div class=\"col-lg-6\">\n                                <div class=\"left-content mb-30\">\n                                    <h2><\/h2>\n                                    <h4>Vizyon Tan\u0131m\u0131:<\/h4>\n                                    <p>T\u00fcrkiye\u2019de bilinen en iyi firmalar aras\u0131nda olmak.<\/p>\n                                <\/div>\n                            <\/div>\n                            <div class=\"col-lg-6\">\n                                <div class=\"right-content mb-30\">\n                                    <img decoding=\"async\" src=\"https:\/\/seymenmakina.com\/wp-content\/uploads\/2022\/03\/j-4.jpg\" alt=\"image\">\n                                <\/div>\n                            <\/div>\n                        <\/div>\n                    <\/li>           \n                                    <li class=\"items\">\n                        <div class=\"row timeline-box mb-10\">\n                            <div class=\"col-lg-6\">\n                                <div class=\"left-content mb-30\">\n                                    <h2><\/h2>\n                                    <h4>Misyon Tan\u0131m\u0131:<\/h4>\n                                    <p>Kuyumcu imalat\u0131 yapan m\u00fc\u015fterilerinin  Kuyumcu imalat makinalar\u0131 ihtiyac\u0131n\u0131 yine onlar\u0131n istekleri do\u011frultusunda gidermek.<\/p>\n                                <\/div>\n                            <\/div>\n                            <div class=\"col-lg-6\">\n                                <div class=\"right-content mb-30\">\n                                    <img decoding=\"async\" src=\"https:\/\/seymenmakina.com\/wp-content\/uploads\/2022\/03\/j-5.jpg\" alt=\"image\">\n                                <\/div>\n                            <\/div>\n                        <\/div>\n                    <\/li>           \n                                    <li class=\"items\">\n                        <div class=\"row timeline-box mb-10\">\n                            <div class=\"col-lg-6\">\n                                <div class=\"left-content mb-30\">\n                                    <h2><\/h2>\n                                    <h4>Strateji Tan\u0131m\u0131:<\/h4>\n                                    <p>* M\u00fc\u015fteriler : M\u00fc\u015fterilerin \u00f6ncelikli iste\u011fi olan kalite sistemini kurmak ve i\u015fletmek ve proses yat\u0131r\u0131m\u0131n\u0131 ger\u00e7ekle\u015ftirmek.\n* Rakipler : Daima rakiplerden bir ad\u0131m \u00f6nde olmak.\n                                                              <\/p>\n                                <\/div>\n                            <\/div>\n                            <div class=\"col-lg-6\">\n                                <div class=\"right-content mb-30\">\n                                    <img decoding=\"async\" src=\"https:\/\/seymenmakina.com\/wp-content\/uploads\/2022\/03\/j-6.jpg\" alt=\"image\">\n                                <\/div>\n                            <\/div>\n                        <\/div>\n                    <\/li>           \n                                    <li class=\"items\">\n                        <div class=\"row timeline-box mb-10\">\n                            <div class=\"col-lg-6\">\n                                <div class=\"left-content mb-30\">\n                                    <h2><\/h2>\n                                    <h4>Strateji Tan\u0131m\u0131:<\/h4>\n                                    <p>* Tedarik\u00e7iler : T\u00fcm tedarik\u00e7ilerimizi en \u00fcst seviyede korumak. \u00c7ok alternatifli tedarik\u00e7i ile \u00e7al\u0131\u015fmak.\n* Prosesler : M\u00fc\u015fterilerin istedi\u011fi kapasiteyi s\u00fcrekli sa\u011flamak.\n* Kalite : Kalite g\u00fcvencesini tam sa\u011flamaya y\u00f6nelik olarak \u00fcretim s\u00fcre\u00e7leri kontrollerini eksiksiz yapmak.<\/p>\n                                <\/div>\n                            <\/div>\n                            <div class=\"col-lg-6\">\n                                <div class=\"right-content mb-30\">\n                                    <img decoding=\"async\" src=\"https:\/\/seymenmakina.com\/wp-content\/uploads\/2022\/03\/j-7.jpg\" alt=\"image\">\n                                <\/div>\n                            <\/div>\n                        <\/div>\n                    <\/li>           \n                                    <li class=\"items\">\n                        <div class=\"row timeline-box mb-10\">\n                            <div class=\"col-lg-6\">\n                                <div class=\"left-content mb-30\">\n                                    <h2><\/h2>\n                                    <h4>SEYMEN KUYUMCU MAK\u0130NA SANAY\u0130 KAL\u0130TE POL\u0130T\u0130KASI<\/h4>\n                                    <p>M\u00fc\u015fteri taleplerine uygun Kuyumcu tesislerini;\n\u25cf\tTedarik\u00e7ilerinden zaman\u0131nda sa\u011flanan ekonomik ve kaliteli girdileri,\n\u25cf\tBilgi Birikimini,\n\u25cf\tYetenekli \u00dcretim Proseslerini,\n\u25cf\tDeneyimli Personelini ve,\n\u25cf\tKalite Y\u00f6netim Sistemini,\nkullanarak ekonomik \u00fcretim anlay\u0131\u015f\u0131 ile \u00f6nceden belirlenmi\u015f s\u00fcre s\u0131n\u0131rlar\u0131 i\u00e7erisinde \u00fcretip onlara sunmak ve s\u00fcrekli iyile\u015ftirmeyi sa\u011flayarak belirledi\u011fi hedeflere ula\u015fmakt\u0131r.\n<\/p>\n                                <\/div>\n                            <\/div>\n                            <div class=\"col-lg-6\">\n                                <div class=\"right-content mb-30\">\n                                    <img decoding=\"async\" src=\"https:\/\/seymenmakina.com\/wp-content\/uploads\/2022\/03\/j-8.jpg\" alt=\"image\">\n                                <\/div>\n                            <\/div>\n                        <\/div>\n                    <\/li>           \n                                <\/ul> \n            <\/div>\n        \t\t<\/div>\n\t\t\t\t<\/div>\n\t\t\t\t\t<\/div>\n\t\t<\/div>\n\t\t\t\t\t<\/div>\n\t\t<\/section>\n\t\t\t\t\t<\/div>\n\t\t<\/div>\n\t\t\t\t\t<\/div>\n\t\t<\/section>\n\t\t\t\t<section class=\"elementor-section elementor-top-section elementor-element elementor-element-46c014d elementor-section-content-middle elementor-section-stretched elementor-section-boxed elementor-section-height-default elementor-section-height-default\" data-id=\"46c014d\" data-element_type=\"section\" data-settings=\"{&quot;stretch_section&quot;:&quot;section-stretched&quot;,&quot;background_background&quot;:&quot;classic&quot;}\">\n\t\t\t\t\t\t<div class=\"elementor-container elementor-column-gap-default\">\n\t\t\t\t\t<div class=\"elementor-column elementor-col-100 elementor-top-column elementor-element elementor-element-b52dfe6\" data-id=\"b52dfe6\" data-element_type=\"column\">\n\t\t\t<div class=\"elementor-widget-wrap\">\n\t\t\t\t\t\t\t<\/div>\n\t\t<\/div>\n\t\t\t\t\t<\/div>\n\t\t<\/section>\n\t\t\t\t<section class=\"elementor-section elementor-top-section elementor-element elementor-element-758b852 elementor-section-stretched elementor-section-boxed elementor-section-height-default elementor-section-height-default\" data-id=\"758b852\" data-element_type=\"section\" data-settings=\"{&quot;stretch_section&quot;:&quot;section-stretched&quot;,&quot;background_background&quot;:&quot;classic&quot;}\">\n\t\t\t\t\t\t<div class=\"elementor-container elementor-column-gap-default\">\n\t\t\t\t\t<div class=\"elementor-column elementor-col-100 elementor-top-column elementor-element elementor-element-ccac049\" data-id=\"ccac049\" data-element_type=\"column\">\n\t\t\t<div class=\"elementor-widget-wrap elementor-element-populated\">\n\t\t\t\t\t\t<section class=\"elementor-section elementor-inner-section elementor-element elementor-element-df60bac elementor-section-boxed elementor-section-height-default elementor-section-height-default\" data-id=\"df60bac\" data-element_type=\"section\">\n\t\t\t\t\t\t<div class=\"elementor-container elementor-column-gap-default\">\n\t\t\t\t\t<div class=\"elementor-column elementor-col-100 elementor-inner-column elementor-element elementor-element-a092f36\" data-id=\"a092f36\" data-element_type=\"column\">\n\t\t\t<div class=\"elementor-widget-wrap elementor-element-populated\">\n\t\t\t\t\t\t<div class=\"elementor-element elementor-element-8ce895e elementor-widget elementor-widget-react-heading\" data-id=\"8ce895e\" data-element_type=\"widget\" data-widget_type=\"react-heading.default\">\n\t\t\t\t<div class=\"elementor-widget-container\">\n\t\t\t        <div class=\"react-heading style13 center\">\r\n        \t<div class=\"title-inner\">        \t\t      \t\t\r\n\t            <img decoding=\"async\" class=\"line-1-img\" src=\"https:\/\/reactheme.com\/products\/wordpress\/finanix\/wp-content\/uploads\/2022\/03\/title-white1.png\" alt=\"title-image\" \/><span class=\"sub-text \">7\/24 Yan\u0131n\u0131zday\u0131z<\/span><img decoding=\"async\" class=\"line-2-img\" src=\"https:\/\/reactheme.com\/products\/wordpress\/finanix\/wp-content\/uploads\/2022\/03\/title-white2.png\" alt=\"title-image\" \/><h2 class=\"title\"><span class=\"watermark\"><\/span>Sorular\u0131n\u0131z m\u0131 var?<\/h2>\t        <\/div>\r\n\t                <\/div>\r\n        \t\t<\/div>\n\t\t\t\t<\/div>\n\t\t\t\t\t<\/div>\n\t\t<\/div>\n\t\t\t\t\t<\/div>\n\t\t<\/section>\n\t\t\t\t<section class=\"elementor-section elementor-inner-section elementor-element elementor-element-52b0a2f elementor-section-boxed elementor-section-height-default elementor-section-height-default\" data-id=\"52b0a2f\" data-element_type=\"section\">\n\t\t\t\t\t\t<div class=\"elementor-container elementor-column-gap-default\">\n\t\t\t\t\t<div class=\"elementor-column elementor-col-100 elementor-inner-column elementor-element elementor-element-7b19354\" data-id=\"7b19354\" data-element_type=\"column\">\n\t\t\t<div class=\"elementor-widget-wrap elementor-element-populated\">\n\t\t\t\t\t\t<div class=\"elementor-element elementor-element-47d2d06 elementor-mobile-align-center elementor-align-center elementor-widget elementor-widget-button\" data-id=\"47d2d06\" data-element_type=\"widget\" data-widget_type=\"button.default\">\n\t\t\t\t<div class=\"elementor-widget-container\">\n\t\t\t\t\t<div class=\"elementor-button-wrapper\">\n\t\t\t<a class=\"elementor-button elementor-button-link elementor-size-sm\" href=\"https:\/\/seymenmakina.com\/index.php\/iletisim\/\">\n\t\t\t\t\t\t<span class=\"elementor-button-content-wrapper\">\n\t\t\t\t\t\t\t\t\t<span class=\"elementor-button-text\">Bizimle \u0130leti\u015fime Ge\u00e7in<\/span>\n\t\t\t\t\t<\/span>\n\t\t\t\t\t<\/a>\n\t\t<\/div>\n\t\t\t\t<\/div>\n\t\t\t\t<\/div>\n\t\t\t\t\t<\/div>\n\t\t<\/div>\n\t\t\t\t\t<\/div>\n\t\t<\/section>\n\t\t\t\t\t<\/div>\n\t\t<\/div>\n\t\t\t\t\t<\/div>\n\t\t<\/section>\n\t\t\t\t<\/div>\n\t\t","protected":false},"excerpt":{"rendered":"<p>Hakk\u0131m\u0131zda Biz Kimiz? Kurulu\u015f SEYMEN KUYUMCU MAK\u0130NA SANAY\u0130,\u00a02002 y\u0131l\u0131nda Deniz\u00a0SEYMEN\u00a0taraf\u0131ndan Kuyumcu sanayinde kullan\u0131lan makineleri imal etmek \u00fczere Topkap\u0131 \/ \u0130stanbul\u2019da kurulmu\u015ftur. Ba\u015flang\u0131\u00e7taki \u00fcretim kapasitesini 3 kat artt\u0131rm\u0131\u015f olup, faaliyetlerine \u0130stanbul\u2019da\u00a0 devam etmektedir. Firman\u0131n Bundan sonraki en \u00f6nemli amac\u0131 kuyumcu makina yap\u0131s\u0131n\u0131 ve kapasitesini artt\u0131rmakt\u0131r. \u0130leti\u015fime Ge\u00e7 Daha Fazla Bilgi Neler Yap\u0131yoruz \u00dcretim Teknolojisi: Muhtelif ebatlarda&#8230;<\/p>\n","protected":false},"author":1,"featured_media":0,"parent":0,"menu_order":0,"comment_status":"closed","ping_status":"closed","template":"","meta":{"footnotes":""},"class_list":["post-13","page","type-page","status-publish","hentry"],"_links":{"self":[{"href":"https:\/\/seymenmakina.com\/index.php\/wp-json\/wp\/v2\/pages\/13","targetHints":{"allow":["GET"]}}],"collection":[{"href":"https:\/\/seymenmakina.com\/index.php\/wp-json\/wp\/v2\/pages"}],"about":[{"href":"https:\/\/seymenmakina.com\/index.php\/wp-json\/wp\/v2\/types\/page"}],"author":[{"embeddable":true,"href":"https:\/\/seymenmakina.com\/index.php\/wp-json\/wp\/v2\/users\/1"}],"replies":[{"embeddable":true,"href":"https:\/\/seymenmakina.com\/index.php\/wp-json\/wp\/v2\/comments?post=13"}],"version-history":[{"count":11,"href":"https:\/\/seymenmakina.com\/index.php\/wp-json\/wp\/v2\/pages\/13\/revisions"}],"predecessor-version":[{"id":5377,"href":"https:\/\/seymenmakina.com\/index.php\/wp-json\/wp\/v2\/pages\/13\/revisions\/5377"}],"wp:attachment":[{"href":"https:\/\/seymenmakina.com\/index.php\/wp-json\/wp\/v2\/media?parent=13"}],"curies":[{"name":"wp","href":"https:\/\/api.w.org\/{rel}","templated":true}]}}